+ 2*h + 2*h + 4*h - 4*h. Let n(m) be the third derivative of -m**4/3 - 2*m**2. Let z(j) = -n(j) - 12*u(j). Give z(2).
-8
Let j(g) = -6*g**2 + 21*g - 12. Let q(h) = h**2 - 4*h + 1. Let u(y) = j(y) + 7*q(y). What is u(9)?
13
Let l(r) = 6*r - 106. Let h(d) = -d + 21. Let a(f) = -11*h(f) - 2*l(f). Let p = 260 + -260. Suppose p = -5*z + 82*o - 86*o, 0 = -4*z - o. Calculate a(z).
-19
Suppose 10*b - 6*b = b. Suppose -31*k + 347 - 37 = b. Let c(g) = -g**3 + 11*g**2 - 11*g + 6. Calculate c(k).
-4
Let t(o) be the second derivative of 13*o**3/6 + 27*o**2/2 + 9416*o. Give t(-3).
-12
Let c(l) = l**2 - 4*l. Let h(v) = v - 1. Let w be h(3). Let g(m) = -m + 1. Let k(r) = w*g(r) - c(r). Let n be (-24)/(-2)*(-19)/114. What is k(n)?
-6
Let r(g) be the first derivative of -g**4/4 - 2*g**3 - 2*g**2 - 6*g - 25. Suppose -6*k = -7*k + 5. Suppose -5 = 2*j - 3*h, -21 = -4*j + 8*j + k*h. What is r(j)?
-22
Let n(a) = -8*a + 9. Suppose -2*b + 35 = -1455*u + 1450*u, 3*u + 21 = -3*b. Determine n(u).
65
Suppose 118*o - 1980 = 514*o. Let g(a) = a**2 + 24*a + 59. Calculate g(o).
-36
Let a(s) = s**2 - 2*s - 4. Let p(x) = x**3 + 10*x**2 - 36*x - 11. Let l be p(3). Determine a(l).
4
Let w(z) be the first derivative of 3*z**2 + z - 3. Let a be 8 + 544/(-51) - (-12)/(-9). Determine w(a).
-23
Let f(m) = -7*m**2 + 3*m. Let d(g) = g**3 - 10*g**2 + 15*g + 55. Let t(o) = d(o) + 2*f(o). What is t(23)?
9
Let v(j) = -j**3 - 5*j**2 - 4*j + 11. Let a be v(-3). Let z(l) = 4*l**2 + l - 6. Let s(q) = -7*q**2 - 2*q + 10. Let c(d) = a*z(d) + 3*s(d). What is c(-2)?
-2
Suppose -a - 2*r = -4, -5*a + 4 = -5*r - 1. Let t(p) = -2*p - 14*p - 855 + 860. Calculate t(a).
-27
Suppose 55*l = 57*l + 752. Let w = l + 377. Let p(h) be the first derivative of 9*h**2/2 - h - 1. Give p(w).
8
Let w(i) = 6*i - 36. Let m be (-38)/(-133) + (-23)/7 + 14. Let a(g) = g - 7. Let x(z) = m*a(z) - 2*w(z). Calculate x(-3).
-2
Let d(o) = o + 7. Let h be (-19)/(-3)*(-9 - (-5 - 13)). Suppose -6*l = -h + 99. Calculate d(l).
0
Let v(z) = -z**3 + 8*z**2 - 3*z - 8. Let n(d) = -36*d + 28. Let h be n(2). Let s = h - -51. What is v(s)?
20
Suppose -23 = -3*n - 5*w, 4*n - 6*w + 9*w - 16 = 0. Let d(r) = -4*r**2 - 1 + 9*r**3 + 4*r**2. What is d(n)?
8
Let s(r) = -r**2 + 141*r - 950. Let j be s(7). Let a(l) = l**3 + 10*l**2 - 31*l - 88. Determine a(j).
-4
Let z(y) = -4*y - 120 + 238 + y**2 - 118. Let j = 4 - -5. Suppose 2*d + d = j. What is z(d)?
-3
Let i(a) = -a**3 + 5*a**2 - 6*a + 2. Suppose -9 - 71 = -4*k. Suppose -5 = k*o - 85. Determine i(o).
-6
Let g(p) = p**2 - 8*p + 7. Suppose 8*j = 7*j + 4. Let v be j/(1/(-33)*3). Let c = v + 50. Calculate g(c).
-5
Let p(k) = -k**3 - 89*k + 277*k - 5*k**2 - 116*k - 3 - 80*k. Give p(-3).
3
Let x be (-2 + 1)/(3/(-12)). Let q(h) = -h - 2. Let p(v) = 7*v + 3. Let f(n) = -p(n) - q(n). Give f(x).
-25
Let y(b) be the first derivative of -b**5/20 + b**4/6 - b**3/3 + 2*b**2 - 139*b - 85. Let n(k) be the first derivative of y(k). Determine n(4).
-36
Let m(k) be the third derivative of -37*k**4/24 + 33*k**3 + 1471*k**2. What is m(5)?
13
Let v(d) = -5*d + 1. Let z(j) be the second derivative of 7*j**3/2 - 2*j**2 + 4*j - 31. Let s(o) = -10*v(o) - 2*z(o). What is s(-1)?
-10
Let v(x) = -x**3 + 8*x**2 + 11*x - 13. Let a be -112 + -5 + 0 + 2. Let n be 8/6 + a/(-15). Give v(n).
5
Let r = 2314 + -2312. Let n(g) = -3*g**2 - 14*g + 30. Give n(r).
-10
Let x(k) = k - 3. Suppose 24 = 9*v - 12. Let g be -3*v/(-42)*-7. Calculate x(g).
-5
Let p(g) = -125*g**3 - 1. Let t = -12656 - -12655. Determine p(t).
124
Let n(r) be the second derivative of -31*r**3/6 - 16*r - 54. Calculate n(-2).
62
Let k(b) = 283*b + 1 - b**2 - 291*b + 1 - 9 + 2. Determine k(-11).
-38
Let h(i) = 6*i + 9. Let m(z) = -5*z - 8. Let n(p) = -4*h(p) - 5*m(p). Suppose -48 - 8 = -k + l, -5*k = -3*l - 270. Suppose -9*o = 8*o + k. Determine n(o).
1
Suppose 0 = -3*o + 3 - 0. Let m(c) = 7*c**2 + 3*c - 10. Let z(g) = 274544*g**2 - 1 + 2 - 274545*g**2. Let s(q) = o*m(q) + 6*z(q). Give s(-3).
-4
Let a(w) = 3*w**3 - w**2 - 2*w + 1. Let b(p) = 0*p + 2*p + 6*p + 0 + 3 - 5. Let j be b(0). Calculate a(j).
-23
Let r(s) = 74*s + 588. Let w be r(-8). Let p(t) = 3*t + 6. Calculate p(w).
-6
Suppose -144 + 126 = -2*j. Let i(p) = -5*p**2 - 14*p - 40. Let f(m) = 2*m**2 + 7*m + 20. Let d(x) = 7*f(x) + 3*i(x). What is d(j)?
2
Let d(r) be the second derivative of r**6/720 + r**4/4 + r**2/2 - 3*r - 5. Let z(b) be the third derivative of d(b). Let q be 2/(-3)*(3 - 0). What is z(q)?
-2
Suppose -3*g = 13 - 1, -4*s = 5*g + 16. Suppose -80 = -1918*r + 1913*r. Let y be 14/(-28)*s*r. Let a(m) = -m - 11. Calculate a(y).
-3
Let t(m) = 2*m + 4. Let y(h) = 8*h**3 - 3*h**2 - 4*h - 3. Suppose 5*i - 4*f - 1 = 4, -i - 3*f = 18. Let r be y(i). Let w be (-3)/24 - r/(-48). Give t(w).
-6
Let o(k) be the third derivative of -1/24*k**4 + 0 + 0*k - 1/60*k**5 + 21*k**2 + 2*k**3. Determine o(0).
12
Suppose -7*g - 417 = -333. Let a(c) = 3*c - 10. What is a(g)?
-46
Let u(q) = 5*q**3 - 9*q**2 + 170*q - 332. Let j be u(2). Let r(h) be the first derivative of h**4/4 - 13*h**3/3 + 7*h**2 - 16*h - 1. What is r(j)?
8
Let s(r) = -8*r - 49. Let z be s(-7). Let f(n) = z*n + 27 - 26 - n**3 - 5*n**2 + 0*n**2. Calculate f(-6).
-5
Let j(r) = -2*r**2 - 45*r + 77. Let y = 532 + -556. What is j(y)?
5
Let s(z) = -7 - 20 + 8*z**2 + 2*z - 5*z**2 + 4*z**3 - 8*z**3 + 24. Give s(3).
-78
Let f(i) = -i**2 + 3*i + 2. Let s be f(1). Suppose 4*j + s*a + 13 = 9, -j + 5*a = -11. Let m(v) = -v**2 - v + 1. Give m(j).
-1
Let z be 1/(-1) - (132/12 + -13). Let v(t) be the first derivative of 2*t**4 + 2*t**3/3 - t**2 + t - 1. Calculate v(z).
9
Let d be 4/10 - 168/120. Let l be d*(-4)/(-12) - 20/(-6). Suppose -10 = -2*z - 2*y, 2*z - y = 4*y + l. Let o(q) = q**3 - 4*q**2 - 3*q - 5. Calculate o(z).
-17
Let i(k) be the second derivative of k**6/120 - 7*k**5/60 + k**4/6 + 2*k**3/3 - 125*k**2/2 - 54*k. Let l(f) be the first derivative of i(f). Calculate l(7).
32
Let c(h) = -6*h**3 - 68*h**2 + 101*h - 81. Let g(z) = -z**3 - 12*z**2 + 17*z - 14. Let d(f) = 6*c(f) - 35*g(f). Determine d(13).
-22
Let z(o) be the third derivative of 1/6*o**3 + 0 - 1/24*o**4 + 0*o - 25*o**2. Determine z(4).
-3
Suppose 4*n = -2*j - 6, 2*j - 21 = 2*n - 3*j. Let g be (0 - (5 + n))*-1. Let u(p) = -p**2 + 2*p - 3. What is u(g)?
-3
Suppose -h = 4*c - 3*h - 480, -5*h = -3*c + 367. Suppose -c = 30*r + 151. Let k(b) = b + 3. What is k(r)?
-6
Let w be (-15 - (-1533)/105)*10. Let o(y) = 2*y**2 - 4*y + 10. Calculate o(w).
58
Let m be (44/(-12) + 4)*0. Let i(x) = -2*x + 10. Let b be i(m). Let d be (b/(-1))/(0 - (1 + -2)). Let z(q) = -q**3 - 10*q**2 - q - 9. Calculate z(d).
1
Suppose -48*g - 90*g - 105 = 447. Let n(c) = -c**2 + 6. What is n(g)?
-10
Let z(g) = -g**2 + 13. Suppose -20*r = -24*r + 52. Let c be 8/52 - 2/r. Suppose -10*d = -h - 8*d + 4, h - 5*d - 10 = c. Give z(h).
13
Let v(m) be the second derivative of -3*m**3 - 137*m**2/2 - 6051*m. What is v(-8)?
7
Let t(b) = 3974 + 3986 - 7930 - 5*b. Calculate t(14).
-40
Let q(c) = -9*c - 113. Suppose -3*h - 46 = z, 5*h + 1024*z - 1022*z = -78. What is q(h)?
13
Let q be (8/(-16))/((-1)/(-18)*-1). Let p = q + -3. Let u(w) = -w**2 - w + 3. Let j(d) = 2*d**2 + 3*d - 5. Let k(h) = 4*j(h) + 9*u(h). What is k(p)?
-11
Let g(u) be the first derivative of u**2/2 + 6*u + 423. Suppose -2*a = a + 9. Calculate g(a).
3
Let g be ((-127)/254)/((-2)/(-32)). Let j(x) = 8*x + 60. Calculate j(g).
-4
Let a be (-7)/(-2)*320/70. Let x(i) = -11*i - 13 + 12*i + a. Calculate x(3).
6
Let d(a) = 4*a - 45. Let c be d(19). Suppose -c*r + 0*r = -279. Let z(i) = -i**2 + 10*i + 6. Give z(r).
15
Suppose 5*r = -84 - 51. Suppose 329 = -56*b - 903. Let w = r - b. Let s(z) = -z**3 - 4*z**2 + 6*z + 3. Give s(w).
-2
Let x(a) = 15*a + 94. Let d(h) = 276*h - 2766. Let l be d(10). Give x(l).
4
Let y = 53 - 55. Let f(s) be the first derivative of s**5/10 + s**4/12 - s**3/6 + s**2 - 4*s + 1. Let t(r) be the first derivative of f(r). What is t(y)?
-8
Let r(m) = -1. Let y(b) = b**2 - 6*b - 2. Let n(i) = 3*r(i) - y(i). Let q(s) = 2*s**3 - 3*s - 2. Let u be q(-2). Let t be (u + 5)/((-2)/2). What is n(t)?
-8
Let u(l) be the second derivative of 7*l**3/6 + 51*l**2/2 - 1382*l. What is u(-6)?
9
Let d be (-20)/(-6) - 44/33. Suppose 5*f = -3*z + 31, -2*z = 3*z + f - 15. Let o(p) = -8*p*